{"id":126,"date":"2021-03-26T15:06:31","date_gmt":"2021-03-26T15:06:31","guid":{"rendered":"https:\/\/nosotrasenlibertad.com\/libroweb\/?page_id=126"},"modified":"2022-12-15T14:54:52","modified_gmt":"2022-12-15T14:54:52","slug":"inicio","status":"publish","type":"page","link":"https:\/\/nosotrasenlibertad.com\/libroweb\/","title":{"rendered":"Inicio"},"content":{"rendered":"<section class=\"homeTextos\">\n<div class=\"introHome tramasSize\">\n<h2>Este libro colectivo es una invitaci\u00f3n a emprender un viaje imaginario para visitarnos. <strong>Somos m\u00e1s de doscientas mujeres que fuimos militantes en los &#8217;70<\/strong>. Presas pol\u00edticas que en la c\u00e1rcel de Villa Devoto empezamos a tejer una trama que, en libertad, supimos mantener.<\/h2>\n<h2>Para llegar a nuestras casas -all\u00ed adonde la historia nos hizo anidar- ustedes podr\u00e1n recorrer diferentes itinerarios, por nuestro pa\u00eds o el exterior. Ser\u00e1n guiados por estas mujeres que se nos parecen. Ellas caminan con j\u00f3venes que podr\u00edan ser nuestras hijas y nietas. Con cada relato, les proponemos reflexionar sobre la vida y la militancia de ayer y de hoy. Ac\u00e1 estamos otra vez juntas.<\/h2>\n<h2>Somos Nosotras, <em>Nosotras en libertad<\/em>.<\/h2>\n<\/div>\n<div class=\"container1200\">\n<div class=\"dedicatoriaHome\">\n<h2 id=\"ellas\">Ellas tambi\u00e9n est\u00e1n<\/h2>\n<p><img decoding=\"async\" data-src=\"https:\/\/nosotrasenlibertad.com\/libroweb\/wp-content\/themes\/nosotras\/img\/Las-que-ya-no-estan.png\" src=\"data:image\/svg+xml;base64,PHN2ZyB3aWR0aD0iMSIgaGVpZ2h0PSIxIiB4bWxucz0iaHR0cDovL3d3dy53My5vcmcvMjAwMC9zdmciPjwvc3ZnPg==\" class=\"lazyload\" style=\"--smush-placeholder-width: 860px; --smush-placeholder-aspect-ratio: 860\/536;\"><\/p>\n<figure class=\"\" style=\"text-align: center; margin: -30px auto 50px;\"><audio style=\"width: 80%; min-width: 250px;\" src=\"https:\/\/nosotrasenlibertad.com\/libroweb\/wp-content\/uploads\/2021\/08\/Bella-ciao-2.mp3\" controls=\"controls\"><\/audio><\/figure>\n<p>Todas sentimos lo mismo: nunca imaginamos llegar tan lejos en la vida, vivir tantos a\u00f1os. A los veinte nos rode\u00f3 la muerte y la c\u00e1rcel de la dictadura. Todas tenemos un ser querido -o varios- muerto o desaparecido. Pero tambi\u00e9n todas nos aferramos a la vida, es nuestra forma de resistir. Resistimos viviendo hasta el l\u00edmite. Escribimos y contamos para seguir viviendo cuando no estemos m\u00e1s. Nos pusimos a los 30.000 al hombro y los trajimos a la historia de los d\u00edas de la democracia conquistada. Y pudimos ser felices, re\u00edr, cantar, gritar, trabajar, marchar, votar. Por nosotras y por los que no pudieron llegar y -ahora- por las compa\u00f1eras que tuvimos que despedir.<\/p>\n<p>Ellas tambi\u00e9n est\u00e1n en este libro, son quiz\u00e1 la presencia m\u00e1s fuerte y m\u00e1s convocada cuando escribimos nuestras historias y reflexionamos sobre este hijo com\u00fan que es <em>Nosotras en Libertad<\/em>. Est\u00e1n no solo en los recuerdos sino en el instante presente. En sus palabras que hicimos propias, en sus risas que nos contagian, en sus historias juveniles que nos vuelven j\u00f3venes, en sus habilidades artesanales que nos llenan de color, en sus cantos reiteradamente repetidos y escuchados, en sus ideas y an\u00e1lisis pol\u00edticos que retomamos para entender las complejidades del presente, en sus convicciones ideol\u00f3gicas que nos refuerzan la visi\u00f3n humanista y feminista del mundo y en sus historias amorosas que nos llevan a apostar al amor.<\/p>\n<p>Queremos recordarlas as\u00ed, vivas en Nosotras, part\u00edcipes de esta nueva gesta, escribiendo el libro a trav\u00e9s del cari\u00f1o y compa\u00f1erismo que nos socializ\u00f3 y amalgam\u00f3 en esta categor\u00eda que nos cuesta definir, pero que simplemente sintetizamos en la palabra Compa\u00f1eras.<\/p>\n<p>Ellas, las compa\u00f1eras que en libertad se nos fueron para iniciar el otro camino -el m\u00e1s desconcertante de nuestra condici\u00f3n humana-, participan a trav\u00e9s de nosotras quienes al volcar retazos de sus legados modelamos este libro con un preciso mensaje: ESTAMOS TODAS, SOMOS TODAS.<\/p>\n<\/div>\n<\/div>\n<\/section>\n","protected":false},"excerpt":{"rendered":"<p>Este libro colectivo es una invitaci\u00f3n a emprender un viaje imaginario para visitarnos. Somos m\u00e1s de doscientas mujeres que fuimos militantes en los &#8217;70. Presas pol\u00edticas que en la c\u00e1rcel de Villa Devoto empezamos a tejer una trama que, en libertad, supimos mantener. Para llegar a nuestras casas -all\u00ed adonde la historia nos hizo anidar- [&hellip;]<\/p>\n","protected":false},"author":1,"featured_media":0,"parent":0,"menu_order":0,"comment_status":"closed","ping_status":"closed","template":"","meta":{"_acf_changed":false,"footnotes":""},"class_list":["post-126","page","type-page","status-publish","hentry"],"acf":[],"_links":{"self":[{"href":"https:\/\/nosotrasenlibertad.com\/libroweb\/wp-json\/wp\/v2\/pages\/126","targetHints":{"allow":["GET"]}}],"collection":[{"href":"https:\/\/nosotrasenlibertad.com\/libroweb\/wp-json\/wp\/v2\/pages"}],"about":[{"href":"https:\/\/nosotrasenlibertad.com\/libroweb\/wp-json\/wp\/v2\/types\/page"}],"author":[{"embeddable":true,"href":"https:\/\/nosotrasenlibertad.com\/libroweb\/wp-json\/wp\/v2\/users\/1"}],"replies":[{"embeddable":true,"href":"https:\/\/nosotrasenlibertad.com\/libroweb\/wp-json\/wp\/v2\/comments?post=126"}],"version-history":[{"count":32,"href":"https:\/\/nosotrasenlibertad.com\/libroweb\/wp-json\/wp\/v2\/pages\/126\/revisions"}],"predecessor-version":[{"id":14155,"href":"https:\/\/nosotrasenlibertad.com\/libroweb\/wp-json\/wp\/v2\/pages\/126\/revisions\/14155"}],"wp:attachment":[{"href":"https:\/\/nosotrasenlibertad.com\/libroweb\/wp-json\/wp\/v2\/media?parent=126"}],"curies":[{"name":"wp","href":"https:\/\/api.w.org\/{rel}","templated":true}]}}

<section class="homeTextos">
<div class="introHome tramasSize">
<h2>Este libro colectivo es una invitación a emprender un viaje imaginario para visitarnos. <strong>Somos más de doscientas mujeres que fuimos militantes en los &#8217;70</strong>. Presas políticas que en la cárcel de Villa Devoto empezamos a tejer una trama que, en libertad, supimos mantener.</h2>
<h2>Para llegar a nuestras casas -allí adonde la historia nos hizo anidar- ustedes podrán recorrer diferentes itinerarios, por nuestro país o el exterior. Serán guiados por estas mujeres que se nos parecen. Ellas caminan con jóvenes que podrían ser nuestras hijas y nietas. Con cada relato, les proponemos reflexionar sobre la vida y la militancia de ayer y de hoy. Acá estamos otra vez juntas.</h2>
<h2>Somos Nosotras, <em>Nosotras en libertad</em>.</h2>
</div>
<div class="container1200">
<div class="dedicatoriaHome">
<h2 id="ellas">Ellas también están</h2>
<p><img decoding="async" data-src="https://nosotrasenlibertad.com/libroweb/wp-content/themes/nosotras/img/Las-que-ya-no-estan.png" src="data:image/svg+xml;base64,PHN2ZyB3aWR0aD0iMSIgaGVpZ2h0PSIxIiB4bWxucz0iaHR0cDovL3d3dy53My5vcmcvMjAwMC9zdmciPjwvc3ZnPg==" class="lazyload" style="--smush-placeholder-width: 860px; --smush-placeholder-aspect-ratio: 860/536;"></p>
<figure class="" style="text-align: center; margin: -30px auto 50px;"><audio style="width: 80%; min-width: 250px;" src="https://nosotrasenlibertad.com/libroweb/wp-content/uploads/2021/08/Bella-ciao-2.mp3" controls="controls"></audio></figure>
<p>Todas sentimos lo mismo: nunca imaginamos llegar tan lejos en la vida, vivir tantos años. A los veinte nos rodeó la muerte y la cárcel de la dictadura. Todas tenemos un ser querido -o varios- muerto o desaparecido. Pero también todas nos aferramos a la vida, es nuestra forma de resistir. Resistimos viviendo hasta el límite. Escribimos y contamos para seguir viviendo cuando no estemos más. Nos pusimos a los 30.000 al hombro y los trajimos a la historia de los días de la democracia conquistada. Y pudimos ser felices, reír, cantar, gritar, trabajar, marchar, votar. Por nosotras y por los que no pudieron llegar y -ahora- por las compañeras que tuvimos que despedir.</p>
<p>Ellas también están en este libro, son quizá la presencia más fuerte y más convocada cuando escribimos nuestras historias y reflexionamos sobre este hijo común que es <em>Nosotras en Libertad</em>. Están no solo en los recuerdos sino en el instante presente. En sus palabras que hicimos propias, en sus risas que nos contagian, en sus historias juveniles que nos vuelven jóvenes, en sus habilidades artesanales que nos llenan de color, en sus cantos reiteradamente repetidos y escuchados, en sus ideas y análisis políticos que retomamos para entender las complejidades del presente, en sus convicciones ideológicas que nos refuerzan la visión humanista y feminista del mundo y en sus historias amorosas que nos llevan a apostar al amor.</p>
<p>Queremos recordarlas así, vivas en Nosotras, partícipes de esta nueva gesta, escribiendo el libro a través del cariño y compañerismo que nos socializó y amalgamó en esta categoría que nos cuesta definir, pero que simplemente sintetizamos en la palabra Compañeras.</p>
<p>Ellas, las compañeras que en libertad se nos fueron para iniciar el otro camino -el más desconcertante de nuestra condición humana-, participan a través de nosotras quienes al volcar retazos de sus legados modelamos este libro con un preciso mensaje: ESTAMOS TODAS, SOMOS TODAS.</p>
</div>
</div>
</section>

<p>Este libro colectivo es una invitación a emprender un viaje imaginario para visitarnos. Somos más de doscientas mujeres que fuimos militantes en los &#8217;70. Presas políticas que en la cárcel de Villa Devoto empezamos a tejer una trama que, en libertad, supimos mantener. Para llegar a nuestras casas -allí adonde la historia nos hizo anidar- [&hellip;]</p>
