{"id":1434,"date":"2021-06-09T21:01:08","date_gmt":"2021-06-09T21:01:08","guid":{"rendered":"https:\/\/nosotrasenlibertad.com\/libroweb\/?page_id=1434"},"modified":"2021-10-01T19:56:38","modified_gmt":"2021-10-01T19:56:38","slug":"contratapa","status":"publish","type":"page","link":"https:\/\/nosotrasenlibertad.com\/libroweb\/contratapa\/","title":{"rendered":"Contratapa"},"content":{"rendered":"\n<p><em>1200 presas pol\u00edticas vivimos a\u00f1os de nuestra juventud en la c\u00e1rcel de Villa Devoto.<\/em><\/p>\n\n\n\n<p><\/p>\n\n\n\n<p><em>Nos dec\u00edan \u201cde ac\u00e1 salen locas o muertas\u201d.<\/em><br><em>\u201cCuando est\u00e9n afuera no van a servir para nada\u201d.<\/em><br><em>Salimos. Sobrevivimos.<\/em><\/p>\n\n\n\n<p><\/p>\n\n\n\n<p><em>Habitamos en pa\u00edses distintos y en distintos lugares de nuestro pa\u00eds.<\/em><br><em>Sentimos la responsabilidad del despu\u00e9s.<\/em><br><em>Somos la memoria de todas.<\/em><\/p>\n\n\n\n<p><\/p>\n\n\n\n<p><em>Por eso, escribimos lo que pas\u00f3 en la c\u00e1rcel,<\/em><br><em>declaramos en los juicios<\/em><br><em>y militamos por lo que creemos.<\/em><\/p>\n\n\n\n<p><\/p>\n\n\n\n<p><em>Hicimos vida, mucha vida.<\/em><br><em>Y de eso hemos hablado en este libro <\/em><br><em>porque no estamos ni muertas ni locas.<\/em><\/p>\n","protected":false},"excerpt":{"rendered":"<p>1200 presas pol\u00edticas vivimos a\u00f1os de nuestra juventud en la c\u00e1rcel de Villa Devoto. Nos dec\u00edan \u201cde ac\u00e1 salen locas o muertas\u201d.\u201cCuando est\u00e9n afuera no van a servir para nada\u201d.Salimos. Sobrevivimos. Habitamos en pa\u00edses distintos y en distintos lugares de nuestro pa\u00eds.Sentimos la responsabilidad del despu\u00e9s.Somos la memoria de todas. Por eso, escribimos lo que [&hellip;]<\/p>\n","protected":false},"author":1,"featured_media":0,"parent":0,"menu_order":0,"comment_status":"closed","ping_status":"closed","template":"pg-contratapa.php","meta":{"_acf_changed":false,"footnotes":""},"class_list":["post-1434","page","type-page","status-publish","hentry"],"acf":[],"_links":{"self":[{"href":"https:\/\/nosotrasenlibertad.com\/libroweb\/wp-json\/wp\/v2\/pages\/1434","targetHints":{"allow":["GET"]}}],"collection":[{"href":"https:\/\/nosotrasenlibertad.com\/libroweb\/wp-json\/wp\/v2\/pages"}],"about":[{"href":"https:\/\/nosotrasenlibertad.com\/libroweb\/wp-json\/wp\/v2\/types\/page"}],"author":[{"embeddable":true,"href":"https:\/\/nosotrasenlibertad.com\/libroweb\/wp-json\/wp\/v2\/users\/1"}],"replies":[{"embeddable":true,"href":"https:\/\/nosotrasenlibertad.com\/libroweb\/wp-json\/wp\/v2\/comments?post=1434"}],"version-history":[{"count":5,"href":"https:\/\/nosotrasenlibertad.com\/libroweb\/wp-json\/wp\/v2\/pages\/1434\/revisions"}],"predecessor-version":[{"id":13195,"href":"https:\/\/nosotrasenlibertad.com\/libroweb\/wp-json\/wp\/v2\/pages\/1434\/revisions\/13195"}],"wp:attachment":[{"href":"https:\/\/nosotrasenlibertad.com\/libroweb\/wp-json\/wp\/v2\/media?parent=1434"}],"curies":[{"name":"wp","href":"https:\/\/api.w.org\/{rel}","templated":true}]}}

<p><em>1200 presas políticas vivimos años de nuestra juventud en la cárcel de Villa Devoto.</em></p>



<p></p>



<p><em>Nos decían “de acá salen locas o muertas”.</em><br><em>“Cuando estén afuera no van a servir para nada”.</em><br><em>Salimos. Sobrevivimos.</em></p>



<p></p>



<p><em>Habitamos en países distintos y en distintos lugares de nuestro país.</em><br><em>Sentimos la responsabilidad del después.</em><br><em>Somos la memoria de todas.</em></p>



<p></p>



<p><em>Por eso, escribimos lo que pasó en la cárcel,</em><br><em>declaramos en los juicios</em><br><em>y militamos por lo que creemos.</em></p>



<p></p>



<p><em>Hicimos vida, mucha vida.</em><br><em>Y de eso hemos hablado en este libro </em><br><em>porque no estamos ni muertas ni locas.</em></p>

<p>1200 presas políticas vivimos años de nuestra juventud en la cárcel de Villa Devoto. Nos decían “de acá salen locas o muertas”.“Cuando estén afuera no van a servir para nada”.Salimos. Sobrevivimos. Habitamos en países distintos y en distintos lugares de nuestro país.Sentimos la responsabilidad del después.Somos la memoria de todas. Por eso, escribimos lo que [&hellip;]</p>
