{"id":1446,"date":"2021-06-09T21:10:42","date_gmt":"2021-06-09T21:10:42","guid":{"rendered":"https:\/\/nosotrasenlibertad.com\/libroweb\/?page_id=1446"},"modified":"2022-12-15T14:39:10","modified_gmt":"2022-12-15T14:39:10","slug":"quienes-somos","status":"publish","type":"page","link":"https:\/\/nosotrasenlibertad.com\/libroweb\/quienes-somos\/","title":{"rendered":"Qui\u00e9nes somos"},"content":{"rendered":"\n<h2 class=\"set wp-block-heading\" id=\"setentistas\"><strong>Las setentistas y los feminismos&nbsp;<\/strong><\/h2>\n\n\n\n<figure class=\"wp-block-image size-large\"><img decoding=\"async\" width=\"900\" height=\"599\" data-src=\"https:\/\/nosotrasenlibertad.com\/libroweb\/wp-content\/uploads\/2021\/07\/mural-quienes-somos.jpg\" alt=\"\" class=\"wp-image-4395 lazyload\" data-srcset=\"https:\/\/nosotrasenlibertad.com\/libroweb\/wp-content\/uploads\/2021\/07\/mural-quienes-somos.jpg 900w, https:\/\/nosotrasenlibertad.com\/libroweb\/wp-content\/uploads\/2021\/07\/mural-quienes-somos-300x200.jpg 300w, https:\/\/nosotrasenlibertad.com\/libroweb\/wp-content\/uploads\/2021\/07\/mural-quienes-somos-768x511.jpg 768w\" data-sizes=\"(max-width: 900px) 100vw, 900px\" src=\"data:image\/svg+xml;base64,PHN2ZyB3aWR0aD0iMSIgaGVpZ2h0PSIxIiB4bWxucz0iaHR0cDovL3d3dy53My5vcmcvMjAwMC9zdmciPjwvc3ZnPg==\" style=\"--smush-placeholder-width: 900px; --smush-placeholder-aspect-ratio: 900\/599;\" \/><\/figure>\n\n\n\n<figure class=\"wp-block-audio\"><audio controls src=\"https:\/\/nosotrasenlibertad.com\/libroweb\/wp-content\/uploads\/2021\/10\/politica-y-feminismo-1.mp3\"><\/audio><\/figure>\n\n\n\n<div style=\"height:30px\" aria-hidden=\"true\" class=\"wp-block-spacer\"><\/div>\n\n\n\n<p>Las organizaciones pol\u00edticas y revolucionarias nacidas a fines de los &#8217;60 y que eclosionaron en los &#8217;70 tuvieron una amplia acogida en las j\u00f3venes que, en forma decidida, actu\u00e1bamos en todos los \u00e1mbitos de la sociedad. Florecieron militantes femeninas por conquistas sociales que , si bien no pusieron la cuesti\u00f3n de g\u00e9nero en la mesa de las propuestas, tomaron el compromiso pol\u00edtico cortando con muchos de los mandatos de la sociedad patriarcal que aun resist\u00edan los logros del Peronismo y de Evita sobre la participaci\u00f3n pol\u00edtica de la mujer y&nbsp;de los movimientos feministas del siglo XX.<\/p>\n\n\n\n<p>En un tiempo hist\u00f3rico muy corto las mujeres comenzamos a destacarnos como activistas, delegadas o dirigentes en colegios, universidades, organizaciones comunitarias, comunidades eclesiales de base, organizaciones campesinas, f\u00e1bricas, equipos de investigaci\u00f3n cient\u00edfica y en las agrupaciones pol\u00edticas. Luego, en las pol\u00edtico-militares que crecieron al calor de las transformaciones sociales en Argentina y en nuestra Am\u00e9rica Latina.<\/p>\n\n\n\n<p>El objetivo de ese tiempo hist\u00f3rico era vivir en una sociedad que se pensaba desde la idea de Comunidad Organizada del Peronismo, el Socialismo Nacional de las organizaciones revolucionarias peronistas y la construcci\u00f3n del Socialismo de las agrupaciones de la izquierda. En todas ellas la mujer se supon\u00eda al mismo nivel que el hombre, con iguales capacidades y responsabilidades.<\/p>\n\n\n\n<p>Es as\u00ed que nos hicimos cargo de nuestras reivindicaciones y deseos pero sin asociarlas a una cuesti\u00f3n de g\u00e9nero sino como una cuesti\u00f3n generacional. Los y las j\u00f3venes quer\u00edamos construir un mundo nuevo a semejanza de nuestros ideales de justicia en los que no cab\u00eda el sometimiento de la mujer.<\/p>\n\n\n\n<div style=\"height:30px\" aria-hidden=\"true\" class=\"wp-block-spacer\"><\/div>\n","protected":false},"excerpt":{"rendered":"<p>Las setentistas y los feminismos&nbsp; Las organizaciones pol\u00edticas y revolucionarias nacidas a fines de los &#8217;60 y que eclosionaron en los &#8217;70 tuvieron una amplia acogida en las j\u00f3venes que, en forma decidida, actu\u00e1bamos en todos los \u00e1mbitos de la sociedad. Florecieron militantes femeninas por conquistas sociales que , si bien no pusieron la cuesti\u00f3n [&hellip;]<\/p>\n","protected":false},"author":1,"featured_media":0,"parent":0,"menu_order":0,"comment_status":"closed","ping_status":"closed","template":"pg-quienes-somos.php","meta":{"_acf_changed":false,"footnotes":""},"class_list":["post-1446","page","type-page","status-publish","hentry"],"acf":[],"_links":{"self":[{"href":"https:\/\/nosotrasenlibertad.com\/libroweb\/wp-json\/wp\/v2\/pages\/1446","targetHints":{"allow":["GET"]}}],"collection":[{"href":"https:\/\/nosotrasenlibertad.com\/libroweb\/wp-json\/wp\/v2\/pages"}],"about":[{"href":"https:\/\/nosotrasenlibertad.com\/libroweb\/wp-json\/wp\/v2\/types\/page"}],"author":[{"embeddable":true,"href":"https:\/\/nosotrasenlibertad.com\/libroweb\/wp-json\/wp\/v2\/users\/1"}],"replies":[{"embeddable":true,"href":"https:\/\/nosotrasenlibertad.com\/libroweb\/wp-json\/wp\/v2\/comments?post=1446"}],"version-history":[{"count":47,"href":"https:\/\/nosotrasenlibertad.com\/libroweb\/wp-json\/wp\/v2\/pages\/1446\/revisions"}],"predecessor-version":[{"id":14153,"href":"https:\/\/nosotrasenlibertad.com\/libroweb\/wp-json\/wp\/v2\/pages\/1446\/revisions\/14153"}],"wp:attachment":[{"href":"https:\/\/nosotrasenlibertad.com\/libroweb\/wp-json\/wp\/v2\/media?parent=1446"}],"curies":[{"name":"wp","href":"https:\/\/api.w.org\/{rel}","templated":true}]}}